{"id":35,"date":"2021-06-22T09:45:21","date_gmt":"2021-06-22T07:45:21","guid":{"rendered":"https:\/\/beautysane.com\/dom\/?page_id=35"},"modified":"2023-07-06T11:37:55","modified_gmt":"2023-07-06T09:37:55","slug":"accueil","status":"publish","type":"page","link":"https:\/\/beautysane.com\/dom\/accueil","title":{"rendered":"Page d&#8217;accueil"},"content":{"rendered":"\n<section id=\"offers-moment\" class=\"offers-section home\">\n    <div class=\"container-fluid\">\n        <h2>Les nouveaut\u00e9s<\/h2>\n        <div class=\"carousel offers-carousel\"\n             data-flickity='{ \"groupCells\": true, \"cellAlign\": \"left\", \"pageDots\": false, \"wrapAround\": true, \"setGallerySize\": true, \"draggable\": true }'>\n                                            <div class=\"carousel-cell\">\n                    <div class=\"row\">\n                        <div class=\"col-7 prod-content\">\n                            <ul class=\"tag big\">\n                                                                                            <\/ul>\n                            <h3><a href=\"https:\/\/beautysane.com\/dom\/boutique\/nouveautes\/phycocyanine-30-doses\">Energy Care Phycocyanine<\/a><\/h3>\n                            <p>Extraite de spiruline, la Phycocyanine Beautysan\u00e9 est un puissant antioxydant et contribue \u00e0 r\u00e9duire la fatigue. <\/p>\n\n                                                            <a href=\"https:\/\/beautysane.com\/dom\/boutique\/nouveautes\/phycocyanine-30-doses\"\n                                   class=\"btn btn-link\">J&#8217;en veux !                                    <i class=\"icon BS-arrow-btn\"><\/i>\n                                <\/a>\n                                                    <\/div>\n                        <div class=\"col-5 prod-thumb\"\n                             style='background-image: url(\"https:\/\/beautysane.ams3.digitaloceanspaces.com\/wp-content\/uploads\/sites\/5\/2023\/05\/16115039\/CA-2023-021-FL-300x300.png\")'>\n                                                            <a href=\"https:\/\/beautysane.com\/dom\/boutique\/nouveautes\/phycocyanine-30-doses\"><\/a>\n                                                                                        <p class=\"new_label\">Nouveau<\/p>\n                                                    <\/div>\n                    <\/div>\n                <\/div>\n                                            <div class=\"carousel-cell\">\n                    <div class=\"row\">\n                        <div class=\"col-7 prod-content\">\n                            <ul class=\"tag big\">\n                                                                                            <\/ul>\n                            <h3><a href=\"https:\/\/beautysane.com\/dom\/boutique\/harmony\/cosmetiques\/prestige-beaute-de-la-peau\">Harmony Beaut\u00e9 de la peau<\/a><\/h3>\n                            <p>Associe collag\u00e8ne marin, acide hyaluronique et vitamine C pour un puissant complexe qui agit en synergie<\/p>\n\n                                                            <a href=\"https:\/\/beautysane.com\/dom\/boutique\/harmony\/cosmetiques\/prestige-beaute-de-la-peau\"\n                                   class=\"btn btn-link\">J&#8217;en veux !                                    <i class=\"icon BS-arrow-btn\"><\/i>\n                                <\/a>\n                                                    <\/div>\n                        <div class=\"col-5 prod-thumb\"\n                             style='background-image: url(\"https:\/\/beautysane.ams3.digitaloceanspaces.com\/wp-content\/uploads\/sites\/5\/2023\/02\/29032354\/collagene_montage_prestige-1-300x300.png\")'>\n                                                            <a href=\"https:\/\/beautysane.com\/dom\/boutique\/harmony\/cosmetiques\/prestige-beaute-de-la-peau\"><\/a>\n                                                                                <\/div>\n                    <\/div>\n                <\/div>\n                                            <div class=\"carousel-cell\">\n                    <div class=\"row\">\n                        <div class=\"col-7 prod-content\">\n                            <ul class=\"tag big\">\n                                                                                            <\/ul>\n                            <h3><a href=\"https:\/\/beautysane.com\/dom\/boutique\/energy\/energy-diet\/barres-crispy-chili-10-barres\">Energy Vegan Crispy chili<\/a><\/h3>\n                            <p>Barres sal\u00e9es 100% Vegan \u00e0 emporter partout !<\/p>\n\n                                                            <a href=\"https:\/\/beautysane.com\/dom\/boutique\/energy\/energy-diet\/barres-crispy-chili-10-barres\"\n                                   class=\"btn btn-link\">J&#8217;en veux !                                    <i class=\"icon BS-arrow-btn\"><\/i>\n                                <\/a>\n                                                    <\/div>\n                        <div class=\"col-5 prod-thumb\"\n                             style='background-image: url(\"https:\/\/beautysane.ams3.digitaloceanspaces.com\/wp-content\/uploads\/sites\/5\/2023\/06\/22160531\/EV_2023_005_BC-1-300x300.png\")'>\n                                                            <a href=\"https:\/\/beautysane.com\/dom\/boutique\/energy\/energy-diet\/barres-crispy-chili-10-barres\"><\/a>\n                                                                                <\/div>\n                    <\/div>\n                <\/div>\n                    <\/div>\n    <\/div>\n<\/section>\n\n\n\n<section class=\"community-section home\">\n    <div class=\"container-fluid\">\n        <div class=\"row\">\n            <div class=\"col-md-5 section-image\" style='background-image: url(\"https:\/\/beautysane.ams3.digitaloceanspaces.com\/wp-content\/uploads\/sites\/5\/2022\/04\/29034719\/gammes-768x512.jpg\")'><\/div>\n            <div class=\"col-md-6 offset-md-1 section-text\">\n                <div class=\"text-wrapper\">\n                    <h2><\/h2>\n\n                    <div class=\"row\">\n                        <div class=\"col-12 col-lg-12\">\n                            <h3>Des solutions nutritionnelles saines, innovantes et gourmandes<\/h3>\n                            <p><strong>Beautysan\u00e9 r\u00e9invente la nutrition en misant sur la recherche et l\u2019innovation, sans oublier le go\u00fbt et le plaisir de manger !<\/strong><br \/>\r\n<br \/>\r\nCr\u00e9atif, sportif, intellectuel, on a tous le potentiel de faire de grandes choses, pour soi ou pour les autres.<br \/>\r\n<br \/>\r\nBeautysan\u00e9 s\u2019engage \u00e0 <strong>lib\u00e9rer notre potentiel.<\/strong> En reconstruisant ensemble, par l\u2019alimentation, le contact humain et la communaut\u00e9, la base d\u2019un meilleur \u00e9quilibre, d\u2019une meilleure sant\u00e9 et d\u2019une meilleure vie.<br \/>\r\n<br \/>\r\nEnergy Diet, notre gamme phare, ainsi que nos compl\u00e9ments alimentaires et boissons sont <strong>\u00e9labor\u00e9s, fabriqu\u00e9s et conditionn\u00e9s en France.<\/strong><br \/>\r\n<br \/>\r\nNotre priorit\u00e9 : vous proposer des repas <strong>\u00e9quilibr\u00e9s, pratiques et gourmands<\/strong>, avec une multitude de saveurs.<br \/>\r\n<br \/>\r\n<strong>Beautysan\u00e9, nourrir le changement.<\/strong><\/p>\n                        <\/div>\n\n                                            <\/div>\n                <\/div>\n            <\/div\n        <\/div>\n    <\/div>\n<\/section>\n\n\n\n<section class=\"our-values-section home\">\n    <div class=\"container\">\n        <h2 class=\"section-title\">Nos valeurs<\/h2>\n\n        <div class=\"row\">\n                            <div class=\"col-lg-3 col-sm-6 our-values-box\">\n                    <div class=\"box-icon\">\n                        <img decoding=\"async\" class=\"icon\" src=\"https:\/\/beautysane.ams3.digitaloceanspaces.com\/wp-content\/uploads\/sites\/5\/2021\/10\/29035350\/gout-150x150.png\" alt=\"Le go\u00fbt\" \/>\n                    <\/div>\n                    <h3>Le go\u00fbt<\/h3>\n                    <p>Nous mettons un point d&#8217;honneur \u00e0 \u00e9laborer des produits de haute qualit\u00e9 et tr\u00e8s gourmands. Car healthy peut aussi rimer avec gourmandise !<\/p>\n                <\/div>\n                            <div class=\"col-lg-3 col-sm-6 our-values-box\">\n                    <div class=\"box-icon\">\n                        <img decoding=\"async\" class=\"icon\" src=\"https:\/\/beautysane.ams3.digitaloceanspaces.com\/wp-content\/uploads\/sites\/5\/2021\/10\/29034857\/bien-e%CC%82tre-150x150.png\" alt=\"Le bien-\u00eatre\" \/>\n                    <\/div>\n                    <h3>Le bien-\u00eatre<\/h3>\n                    <p>Nos solutions s&#8217;adaptent \u00e0 vos envies au quotidien et offrent une exp\u00e9rience globale orient\u00e9e vers son propre bien-\u00eatre. <\/p>\n                <\/div>\n                            <div class=\"col-lg-3 col-sm-6 our-values-box\">\n                    <div class=\"box-icon\">\n                        <img decoding=\"async\" class=\"icon\" src=\"https:\/\/beautysane.ams3.digitaloceanspaces.com\/wp-content\/uploads\/sites\/5\/2021\/10\/29035350\/accompagnement-150x150.png\" alt=\" L'accompagnement\" \/>\n                    <\/div>\n                    <h3> L&#8217;accompagnement<\/h3>\n                    <p>Que vous souhaitiez vous sentir mieux dans votre corps ou cibler un besoin sp\u00e9cifique, nos conseillers vous accompagnent gr\u00e2ce \u00e0 des conseils personnalis\u00e9s.<\/p>\n                <\/div>\n                            <div class=\"col-lg-3 col-sm-6 our-values-box\">\n                    <div class=\"box-icon\">\n                        <img decoding=\"async\" class=\"icon\" src=\"https:\/\/beautysane.ams3.digitaloceanspaces.com\/wp-content\/uploads\/sites\/5\/2021\/10\/29035349\/innovation-150x150.png\" alt=\"L'innovation\" \/>\n                    <\/div>\n                    <h3>L&#8217;innovation<\/h3>\n                    <p>Nos produits sont comme vous : UNIQUES ! Depuis toujours, nous faisons de l&#8217;innovation notre priorit\u00e9 pour vous proposer des produits adapt\u00e9s \u00e0 vos besoins et \u00e0 votre quotidien.<\/p>\n                <\/div>\n                    <\/div>\n    <\/div>\n<\/section>\n\n\n\n<section class=\"community-section home\">\n    <div class=\"container-fluid\">\n        <div class=\"row\">\n            <div class=\"col-md-5 section-image\" style='background-image: url(\"https:\/\/beautysane.ams3.digitaloceanspaces.com\/wp-content\/uploads\/sites\/5\/2021\/10\/29035332\/img_home_page-copie.png\")'><\/div>\n            <div class=\"col-md-6 offset-md-1 section-text\">\n                <div class=\"text-wrapper\">\n                    <h2>Feed the change<\/h2>\n\n                    <div class=\"row\">\n                        <div class=\"col-12 col-lg-12\">\n                            <h3>La communaut\u00e9<\/h3>\n                            <p>Beautysan\u00e9, c&#8217;est aussi une <b>communaut\u00e9 active de clients et sportifs de haut niveau<\/b> qui partagent leur quotidien et imaginent de nouvelles <b>recettes de cuisine<\/b> avec leurs produits pr\u00e9f\u00e9r\u00e9s. D\u00e9couvrez-les et faites aussi le plein de <b>conseils bien-\u00eatre<\/b> sur le blog !<\/p>\n                        <\/div>\n\n                                            <\/div>\n                <\/div>\n            <\/div\n        <\/div>\n    <\/div>\n<\/section>\n\n\n\n<div class=\"BS_best_sellers container\">\n    <h2 class=\"title\">Meilleures ventes<\/h2>\n    <div class=\"carousel\" data-flickity='{\"autoPlay\":false, \"cellAlign\": \"left\", \"wrapAround\": true, \"pageDots\": false}'>\n        <li class=\"product type-product post-4708 status-publish first instock product_cat-energy product_cat-energy-diet product_tag-24-vitamines-et-mineraux product_tag-riche-en-proteines product_tag-source-de-fibres product_tag-veggie has-post-thumbnail purchasable product-type-simple has-subscription-plans\">\n\t<div class=\"top\"><\/div><\/a><a href=\"https:\/\/beautysane.com\/dom\/boutique\/energy\/energy-diet\/barres-cacahuetes-chocolat-14-barres\" title=\"Barres cacahu\u00e8tes &amp; chocolat &#8211; 14 barres repas\" class=\"product_desc_container\">        <div class=\"review-box\">\n            <div class=\"stars\">\n                <div class=\"empty-stars\"><\/div>\n                <div class=\"full-stars\"\n                     style=\"width: 100%\"><\/div>\n            <\/div>\n            <span>5.0 \/ 5 (29)<\/span>\n        <\/div>\n    <p class=\"main_category\">ENERGY DIET<\/p><h3 class=\"woocommerce-loop-product__title\">Barres cacahu\u00e8tes &amp; chocolat &#8211; 14 barres repas<\/h3><\/a><\/li>\n<li class=\"product type-product post-4563 status-publish instock product_cat-energy-drink product_cat-energy product_tag-7-plantes product_tag-saveur-citron product_tag-the-vert product_tag-vitamine-b1 product_tag-vitamine-b3 product_tag-vitamine-b6 product_tag-vitamine-c has-post-thumbnail purchasable product-type-simple has-subscription-plans\">\n\t<div class=\"top\"><\/div><\/a><a href=\"https:\/\/beautysane.com\/dom\/boutique\/energy\/energy-drink\/boissons-energy-detox-30-sticks\" title=\"Boisson Energy Detox saveur citron &#8211; 30 sticks (30 litres)\" class=\"product_desc_container\">        <div class=\"review-box\">\n            <div class=\"stars\">\n                <div class=\"empty-stars\"><\/div>\n                <div class=\"full-stars\"\n                     style=\"width: 100%\"><\/div>\n            <\/div>\n            <span>5.0 \/ 5 (9)<\/span>\n        <\/div>\n    <p class=\"main_category\">ENERGY DETOX<\/p><h3 class=\"woocommerce-loop-product__title\">Boisson Energy Detox saveur citron &#8211; 30 sticks (30 litres)<\/h3><\/a><\/li>\n<li class=\"product type-product post-4658 status-publish last instock product_cat-energy-care product_cat-energy has-post-thumbnail purchasable product-type-simple has-subscription-plans\">\n\t<div class=\"top\"><\/div><\/a><a href=\"https:\/\/beautysane.com\/dom\/boutique\/energy\/energy-care\/complements-alimentaires-anteox\" title=\"Antioxydant &#8211; 60 g\u00e9lules\" class=\"product_desc_container\">        <div class=\"review-box\">\n            <div class=\"stars\">\n                <div class=\"empty-stars\"><\/div>\n                <div class=\"full-stars\"\n                     style=\"width: 100%\"><\/div>\n            <\/div>\n            <span>5.0 \/ 5 (7)<\/span>\n        <\/div>\n    <p class=\"main_category\">ENERGY CARE<\/p><h3 class=\"woocommerce-loop-product__title\">Antioxydant &#8211; 60 g\u00e9lules<\/h3><\/a><\/li>\n<li class=\"product type-product post-4583 status-publish first instock product_cat-energy-care product_cat-energy has-post-thumbnail purchasable product-type-simple has-subscription-plans\">\n\t<div class=\"top\"><\/div><\/a><a href=\"https:\/\/beautysane.com\/dom\/boutique\/energy\/energy-care\/complements-alimentaires-brule-exces\" title=\"Br\u00fble exc\u00e8s &#8211; 60 g\u00e9lules\" class=\"product_desc_container\">        <div class=\"review-box\">\n            <div class=\"stars\">\n                <div class=\"empty-stars\"><\/div>\n                <div class=\"full-stars\"\n                     style=\"width: 100%\"><\/div>\n            <\/div>\n            <span>5.0 \/ 5 (5)<\/span>\n        <\/div>\n    <p class=\"main_category\">ENERGY CARE<\/p><h3 class=\"woocommerce-loop-product__title\">Br\u00fble exc\u00e8s &#8211; 60 g\u00e9lules<\/h3><\/a><\/li>\n<li class=\"product type-product post-4723 status-publish instock product_cat-energy-drink product_cat-energy product_tag-fructose product_tag-glucose product_tag-maltodextrines product_tag-norme-en-17444 product_tag-the-vert product_tag-vitamine-b1 has-post-thumbnail purchasable product-type-simple has-subscription-plans\">\n\t<div class=\"top\"><\/div><\/a><a href=\"https:\/\/beautysane.com\/dom\/boutique\/energy\/energy-drink\/boissons-energy-effort\" title=\"Boisson Energy Effort saveur citron &#8211; 53 doses\" class=\"product_desc_container\">        <div class=\"review-box\">\n            <div class=\"stars\">\n                <div class=\"empty-stars\"><\/div>\n                <div class=\"full-stars\"\n                     style=\"width: 96%\"><\/div>\n            <\/div>\n            <span>4.8 \/ 5 (11)<\/span>\n        <\/div>\n    <p class=\"main_category\">ENERGY EFFORT <\/p><h3 class=\"woocommerce-loop-product__title\">Boisson Energy Effort saveur citron &#8211; 53 doses<\/h3><\/a><\/li>\n<li class=\"product type-product post-4538 status-publish last instock product_cat-energy-care product_cat-energy has-post-thumbnail purchasable product-type-simple has-subscription-plans\">\n\t<div class=\"top\"><\/div><\/a><a href=\"https:\/\/beautysane.com\/dom\/boutique\/energy\/energy-care\/complements-alimentaires-articulations\" title=\"Articulations &#8211; 60 g\u00e9lules\" class=\"product_desc_container\">        <div class=\"review-box\">\n            <div class=\"stars\">\n                <div class=\"empty-stars\"><\/div>\n                <div class=\"full-stars\"\n                     style=\"width: 100%\"><\/div>\n            <\/div>\n            <span>5.0 \/ 5 (8)<\/span>\n        <\/div>\n    <p class=\"main_category\">ENERGY CARE<\/p><h3 class=\"woocommerce-loop-product__title\">Articulations &#8211; 60 g\u00e9lules<\/h3><\/a><\/li>\n    <\/div>\n<\/div>\n\n","protected":false},"excerpt":{"rendered":"","protected":false},"author":42650,"featured_media":13012,"parent":0,"menu_order":0,"comment_status":"closed","ping_status":"closed","template":"template-homepage.php","meta":{"yasr_overall_rating":0,"yasr_post_is_review":"","yasr_auto_insert_disabled":"","yasr_review_type":""},"acf":[],"yoast_head":"<!-- This site is optimized with the Yoast SEO Premium plugin v17.9 (Yoast SEO v17.9) - https:\/\/yoast.com\/wordpress\/plugins\/seo\/ -->\n<title>Page d&#039;accueil - Beautysan\u00e9 - DOM<\/title>\n<meta name=\"description\" content=\"Aider \u00e0 lib\u00e9rer le potentiel de chacun par une alimentation augment\u00e9e.\" \/>\n<meta name=\"robots\" content=\"index, follow, max-snippet:-1, max-image-preview:large, max-video-preview:-1\" \/>\n<link rel=\"canonical\" href=\"https:\/\/beautysane.com\/dom\/accueil\" \/>\n<meta property=\"og:locale\" content=\"fr_FR\" \/>\n<meta property=\"og:type\" content=\"article\" \/>\n<meta property=\"og:title\" content=\"Feed The Change, par Beautysan\u00e9\" \/>\n<meta property=\"og:description\" content=\"Aider \u00e0 lib\u00e9rer le potentiel de chacun par une alimentation augment\u00e9e.\" \/>\n<meta property=\"og:url\" content=\"https:\/\/beautysane.com\/dom\/accueil\" \/>\n<meta property=\"og:site_name\" content=\"Beautysan\u00e9 - DOM\" \/>\n<meta property=\"article:publisher\" content=\"https:\/\/www.facebook.com\/Beautysane\/\" \/>\n<meta property=\"article:modified_time\" content=\"2023-07-06T09:37:55+00:00\" \/>\n<meta property=\"og:image\" content=\"https:\/\/beautysane.ams3.digitaloceanspaces.com\/wp-content\/uploads\/sites\/5\/2021\/10\/29035329\/couverture-1.jpeg\" \/>\n\t<meta property=\"og:image:width\" content=\"1699\" \/>\n\t<meta property=\"og:image:height\" content=\"1133\" \/>\n\t<meta property=\"og:image:type\" content=\"image\/jpeg\" \/>\n<meta name=\"twitter:card\" content=\"summary_large_image\" \/>\n<meta name=\"twitter:title\" content=\"Feed The Change, par Beautysan\u00e9\" \/>\n<meta name=\"twitter:description\" content=\"Aider \u00e0 lib\u00e9rer le potentiel de chacun par une alimentation augment\u00e9e.\" \/>\n<meta name=\"twitter:image\" content=\"https:\/\/beautysane.ams3.digitaloceanspaces.com\/wp-content\/uploads\/sites\/5\/2021\/10\/29035329\/couverture-1.jpeg\" \/>\n<script type=\"application\/ld+json\" class=\"yoast-schema-graph\">{\"@context\":\"https:\/\/schema.org\",\"@graph\":[{\"@type\":\"WebSite\",\"@id\":\"https:\/\/beautysane.com\/dom\/#website\",\"url\":\"https:\/\/beautysane.com\/dom\/\",\"name\":\"Beautysan\\u00e9 - DOM\",\"description\":\"Feed The Change\",\"potentialAction\":[{\"@type\":\"SearchAction\",\"target\":{\"@type\":\"EntryPoint\",\"urlTemplate\":\"https:\/\/beautysane.com\/dom\/?s={search_term_string}\"},\"query-input\":\"required name=search_term_string\"}],\"inLanguage\":\"fr-FR\"},{\"@type\":\"ImageObject\",\"@id\":\"https:\/\/beautysane.com\/dom\/accueil#primaryimage\",\"inLanguage\":\"fr-FR\",\"url\":\"https:\/\/beautysane.ams3.digitaloceanspaces.com\/wp-content\/uploads\/sites\/5\/2021\/10\/29035329\/couverture-1.jpeg\",\"contentUrl\":\"https:\/\/beautysane.ams3.digitaloceanspaces.com\/wp-content\/uploads\/sites\/5\/2021\/10\/29035329\/couverture-1.jpeg\",\"width\":1699,\"height\":1133},{\"@type\":\"WebPage\",\"@id\":\"https:\/\/beautysane.com\/dom\/accueil#webpage\",\"url\":\"https:\/\/beautysane.com\/dom\/accueil\",\"name\":\"Page d'accueil - Beautysan\\u00e9 - DOM\",\"isPartOf\":{\"@id\":\"https:\/\/beautysane.com\/dom\/#website\"},\"primaryImageOfPage\":{\"@id\":\"https:\/\/beautysane.com\/dom\/accueil#primaryimage\"},\"datePublished\":\"2021-06-22T07:45:21+00:00\",\"dateModified\":\"2023-07-06T09:37:55+00:00\",\"description\":\"Aider \\u00e0 lib\\u00e9rer le potentiel de chacun par une alimentation augment\\u00e9e.\",\"breadcrumb\":{\"@id\":\"https:\/\/beautysane.com\/dom\/accueil#breadcrumb\"},\"inLanguage\":\"fr-FR\",\"potentialAction\":[{\"@type\":\"ReadAction\",\"target\":[\"https:\/\/beautysane.com\/dom\/accueil\"]}]},{\"@type\":\"BreadcrumbList\",\"@id\":\"https:\/\/beautysane.com\/dom\/accueil#breadcrumb\",\"itemListElement\":[{\"@type\":\"ListItem\",\"position\":1,\"name\":\"Home\",\"item\":\"https:\/\/beautysane.com\/dom\"},{\"@type\":\"ListItem\",\"position\":2,\"name\":\"Page d&#8217;accueil\"}]}]}<\/script>\n<!-- \/ Yoast SEO Premium plugin. -->","yoast_head_json":{"title":"Page d'accueil - Beautysan\u00e9 - DOM","description":"Aider \u00e0 lib\u00e9rer le potentiel de chacun par une alimentation augment\u00e9e.","robots":{"index":"index","follow":"follow","max-snippet":"max-snippet:-1","max-image-preview":"max-image-preview:large","max-video-preview":"max-video-preview:-1"},"canonical":"https:\/\/beautysane.com\/dom\/accueil","og_locale":"fr_FR","og_type":"article","og_title":"Feed The Change, par Beautysan\u00e9","og_description":"Aider \u00e0 lib\u00e9rer le potentiel de chacun par une alimentation augment\u00e9e.","og_url":"https:\/\/beautysane.com\/dom\/accueil","og_site_name":"Beautysan\u00e9 - DOM","article_publisher":"https:\/\/www.facebook.com\/Beautysane\/","article_modified_time":"2023-07-06T09:37:55+00:00","og_image":[{"width":1699,"height":1133,"url":"https:\/\/beautysane.ams3.digitaloceanspaces.com\/wp-content\/uploads\/sites\/5\/2021\/10\/29035329\/couverture-1.jpeg","type":"image\/jpeg"}],"twitter_card":"summary_large_image","twitter_title":"Feed The Change, par Beautysan\u00e9","twitter_description":"Aider \u00e0 lib\u00e9rer le potentiel de chacun par une alimentation augment\u00e9e.","twitter_image":"https:\/\/beautysane.ams3.digitaloceanspaces.com\/wp-content\/uploads\/sites\/5\/2021\/10\/29035329\/couverture-1.jpeg","schema":{"@context":"https:\/\/schema.org","@graph":[{"@type":"WebSite","@id":"https:\/\/beautysane.com\/dom\/#website","url":"https:\/\/beautysane.com\/dom\/","name":"Beautysan\u00e9 - DOM","description":"Feed The Change","potentialAction":[{"@type":"SearchAction","target":{"@type":"EntryPoint","urlTemplate":"https:\/\/beautysane.com\/dom\/?s={search_term_string}"},"query-input":"required name=search_term_string"}],"inLanguage":"fr-FR"},{"@type":"ImageObject","@id":"https:\/\/beautysane.com\/dom\/accueil#primaryimage","inLanguage":"fr-FR","url":"https:\/\/beautysane.ams3.digitaloceanspaces.com\/wp-content\/uploads\/sites\/5\/2021\/10\/29035329\/couverture-1.jpeg","contentUrl":"https:\/\/beautysane.ams3.digitaloceanspaces.com\/wp-content\/uploads\/sites\/5\/2021\/10\/29035329\/couverture-1.jpeg","width":1699,"height":1133},{"@type":"WebPage","@id":"https:\/\/beautysane.com\/dom\/accueil#webpage","url":"https:\/\/beautysane.com\/dom\/accueil","name":"Page d'accueil - Beautysan\u00e9 - DOM","isPartOf":{"@id":"https:\/\/beautysane.com\/dom\/#website"},"primaryImageOfPage":{"@id":"https:\/\/beautysane.com\/dom\/accueil#primaryimage"},"datePublished":"2021-06-22T07:45:21+00:00","dateModified":"2023-07-06T09:37:55+00:00","description":"Aider \u00e0 lib\u00e9rer le potentiel de chacun par une alimentation augment\u00e9e.","breadcrumb":{"@id":"https:\/\/beautysane.com\/dom\/accueil#breadcrumb"},"inLanguage":"fr-FR","potentialAction":[{"@type":"ReadAction","target":["https:\/\/beautysane.com\/dom\/accueil"]}]},{"@type":"BreadcrumbList","@id":"https:\/\/beautysane.com\/dom\/accueil#breadcrumb","itemListElement":[{"@type":"ListItem","position":1,"name":"Home","item":"https:\/\/beautysane.com\/dom"},{"@type":"ListItem","position":2,"name":"Page d&#8217;accueil"}]}]}},"yasr_visitor_votes":{"stars_attributes":{"read_only":true,"span_bottom":"<div class='yasr-small-block-bold'><span class='yasr-visitor-votes-must-sign-in'>Vous devez \u00eatre connect\u00e9 pour voter<\/span><\/div>"},"number_of_votes":0,"sum_votes":0},"_links":{"self":[{"href":"https:\/\/beautysane.com\/dom\/wp-json\/wp\/v2\/pages\/35"}],"collection":[{"href":"https:\/\/beautysane.com\/dom\/wp-json\/wp\/v2\/pages"}],"about":[{"href":"https:\/\/beautysane.com\/dom\/wp-json\/wp\/v2\/types\/page"}],"author":[{"embeddable":true,"href":"https:\/\/beautysane.com\/dom\/wp-json\/wp\/v2\/users\/42650"}],"replies":[{"embeddable":true,"href":"https:\/\/beautysane.com\/dom\/wp-json\/wp\/v2\/comments?post=35"}],"version-history":[{"count":272,"href":"https:\/\/beautysane.com\/dom\/wp-json\/wp\/v2\/pages\/35\/revisions"}],"predecessor-version":[{"id":94269,"href":"https:\/\/beautysane.com\/dom\/wp-json\/wp\/v2\/pages\/35\/revisions\/94269"}],"wp:featuredmedia":[{"embeddable":true,"href":"https:\/\/beautysane.com\/dom\/wp-json\/wp\/v2\/media\/13012"}],"wp:attachment":[{"href":"https:\/\/beautysane.com\/dom\/wp-json\/wp\/v2\/media?parent=35"}],"curies":[{"name":"wp","href":"https:\/\/api.w.org\/{rel}","templated":true}]}}