{"id":51456,"date":"2022-04-04T09:10:24","date_gmt":"2022-04-04T07:10:24","guid":{"rendered":"https:\/\/beautysane.com\/dom\/?post_type=product&#038;p=51456"},"modified":"2023-01-06T09:57:16","modified_gmt":"2023-01-06T08:57:16","slug":"saveur-fruits-rouges-1-repas","status":"publish","type":"product","link":"https:\/\/beautysane.com\/dom\/boutique\/energy\/energy-diet\/saveur-fruits-rouges-1-repas","title":{"rendered":"Saveur fruits rouges &#8211; 1 repas"},"content":{"rendered":"<p>M\u00e9lange subtil d&#8217;ar\u00f4mes l\u00e9gers et d\u00e9licats de<strong> fruits des bois<\/strong>, c&#8217;est l&#8217;assurance d&#8217;une pause gourmande r\u00e9ussie ! Ce milkshake peut remplacer n\u2019importe quel repas de la journ\u00e9e. Il se consomme tel quel, <strong>frapp\u00e9 ou cuisin\u00e9<\/strong>. Energy Diet saveur fruits rouges est un repas l\u00e9ger et \u00e9quilibr\u00e9 qui garantit \u00e0 la fois <strong>plaisir gustatif et apports nutritionnels<\/strong>, pour \u00e9viter toute carence (prot\u00e9ines, lipides, glucides, fibres, omega3, vitamines et min\u00e9raux). Il est<strong> rassasiant, digeste<\/strong> et convient aux personnes qui souhaitent <strong>perdre et\/ou contr\u00f4ler leur poids<\/strong>.<\/p>\n<p>Un vrai plus pour les sportifs : Energy Diet saveur fruits rouges a \u00e9t\u00e9 d\u00e9velopp\u00e9 et fabriqu\u00e9 conform\u00e9ment aux exigences de l&#8217;<strong>EN 17444<\/strong> <strong>(Norme antidopage)<\/strong> \u00e0 la date de production du lot.<\/p>\n","protected":false},"excerpt":{"rendered":"<p>M\u00e9lange subtil d&#8217;ar\u00f4mes l\u00e9gers et d\u00e9licats de fruits des bois, c&#8217;est l&#8217;assurance d&#8217;une pause gourmande r\u00e9ussie ! Ce milkshake peut remplacer n\u2019importe quel repas de la journ\u00e9e. Il se consomme tel quel, frapp\u00e9 ou cuisin\u00e9. Energy Diet saveur fruits rouges est un repas l\u00e9ger et \u00e9quilibr\u00e9 qui garantit \u00e0 la fois plaisir gustatif et apports [&hellip;]<\/p>\n","protected":false},"featured_media":51458,"comment_status":"open","ping_status":"closed","template":"","meta":{"_acf_changed":false,"inline_featured_image":false,"yasr_overall_rating":0,"yasr_post_is_review":"","yasr_auto_insert_disabled":"","yasr_review_type":""},"product_brand":[],"product_cat":[92],"product_tag":[],"class_list":{"0":"post-51456","1":"product","2":"type-product","3":"status-publish","4":"has-post-thumbnail","6":"product_cat-energy-diet","7":"has-subscription-plans","9":"first","10":"instock","11":"purchasable","12":"product-type-simple"},"acf":[],"yoast_head":"<!-- This site is optimized with the Yoast SEO Premium plugin v27.3 (Yoast SEO v27.3) - https:\/\/yoast.com\/product\/yoast-seo-premium-wordpress\/ -->\n<title>Saveur fruits rouges - 1 repas - Beautysan\u00e9 - DOM<\/title>\n<meta name=\"robots\" content=\"index, follow, max-snippet:-1, max-image-preview:large, max-video-preview:-1\" \/>\n<link rel=\"canonical\" href=\"https:\/\/beautysane.com\/dom\/boutique\/energy\/energy-diet\/saveur-fruits-rouges-1-repas\" \/>\n<meta property=\"og:locale\" content=\"fr_FR\" \/>\n<meta property=\"og:type\" content=\"article\" \/>\n<meta property=\"og:title\" content=\"Saveur fruits rouges - 1 repas\" \/>\n<meta property=\"og:description\" content=\"M\u00e9lange subtil d&#8217;ar\u00f4mes l\u00e9gers et d\u00e9licats de fruits des bois, c&#8217;est l&#8217;assurance d&#8217;une pause gourmande r\u00e9ussie ! Ce milkshake peut remplacer n\u2019importe quel repas de la journ\u00e9e. Il se consomme tel quel, frapp\u00e9 ou cuisin\u00e9. Energy Diet saveur fruits rouges est un repas l\u00e9ger et \u00e9quilibr\u00e9 qui garantit \u00e0 la fois plaisir gustatif et apports [&hellip;]\" \/>\n<meta property=\"og:url\" content=\"https:\/\/beautysane.com\/dom\/boutique\/energy\/energy-diet\/saveur-fruits-rouges-1-repas\" \/>\n<meta property=\"og:site_name\" content=\"Beautysan\u00e9 - DOM\" \/>\n<meta property=\"article:publisher\" content=\"https:\/\/www.facebook.com\/Beautysane\/\" \/>\n<meta property=\"article:modified_time\" content=\"2023-01-06T08:57:16+00:00\" \/>\n<meta property=\"og:image\" content=\"https:\/\/beautysane.com\/dom\/wp-content\/uploads\/sites\/5\/2022\/04\/ED005_SA-1.png\" \/>\n\t<meta property=\"og:image:width\" content=\"1200\" \/>\n\t<meta property=\"og:image:height\" content=\"1200\" \/>\n\t<meta property=\"og:image:type\" content=\"image\/png\" \/>\n<meta name=\"twitter:card\" content=\"summary_large_image\" \/>\n<meta name=\"twitter:label1\" content=\"Prix\" \/>\n\t<meta name=\"twitter:data1\" content=\"0,00&euro;\" \/>\n\t<meta name=\"twitter:label2\" content=\"Disponibilit\u00e9\" \/>\n\t<meta name=\"twitter:data2\" content=\"En stock\" \/>\n<script type=\"application\/ld+json\" class=\"yoast-schema-graph\">{\"@context\":\"https:\\\/\\\/schema.org\",\"@graph\":[{\"@type\":\"WebPage\",\"@id\":\"https:\\\/\\\/beautysane.com\\\/dom\\\/boutique\\\/energy\\\/energy-diet\\\/saveur-fruits-rouges-1-repas\",\"url\":\"https:\\\/\\\/beautysane.com\\\/dom\\\/boutique\\\/energy\\\/energy-diet\\\/saveur-fruits-rouges-1-repas\",\"name\":\"Saveur fruits rouges - 1 repas - Beautysan\u00e9 - DOM\",\"isPartOf\":{\"@id\":\"https:\\\/\\\/beautysane.com\\\/dom\\\/#website\"},\"primaryImageOfPage\":{\"@id\":\"https:\\\/\\\/beautysane.com\\\/dom\\\/boutique\\\/energy\\\/energy-diet\\\/saveur-fruits-rouges-1-repas#primaryimage\"},\"image\":{\"@id\":\"https:\\\/\\\/beautysane.com\\\/dom\\\/boutique\\\/energy\\\/energy-diet\\\/saveur-fruits-rouges-1-repas#primaryimage\"},\"thumbnailUrl\":\"https:\\\/\\\/beautysane.ams3.digitaloceanspaces.com\\\/wp-content\\\/uploads\\\/sites\\\/5\\\/2022\\\/04\\\/29034730\\\/ED005_SA-1.png\",\"datePublished\":\"2022-04-04T07:10:24+00:00\",\"dateModified\":\"2023-01-06T08:57:16+00:00\",\"breadcrumb\":{\"@id\":\"https:\\\/\\\/beautysane.com\\\/dom\\\/boutique\\\/energy\\\/energy-diet\\\/saveur-fruits-rouges-1-repas#breadcrumb\"},\"inLanguage\":\"fr-FR\",\"potentialAction\":[{\"@type\":\"ReadAction\",\"target\":[\"https:\\\/\\\/beautysane.com\\\/dom\\\/boutique\\\/energy\\\/energy-diet\\\/saveur-fruits-rouges-1-repas\"]}]},{\"@type\":\"ImageObject\",\"inLanguage\":\"fr-FR\",\"@id\":\"https:\\\/\\\/beautysane.com\\\/dom\\\/boutique\\\/energy\\\/energy-diet\\\/saveur-fruits-rouges-1-repas#primaryimage\",\"url\":\"https:\\\/\\\/beautysane.ams3.digitaloceanspaces.com\\\/wp-content\\\/uploads\\\/sites\\\/5\\\/2022\\\/04\\\/29034730\\\/ED005_SA-1.png\",\"contentUrl\":\"https:\\\/\\\/beautysane.ams3.digitaloceanspaces.com\\\/wp-content\\\/uploads\\\/sites\\\/5\\\/2022\\\/04\\\/29034730\\\/ED005_SA-1.png\",\"width\":1200,\"height\":1200},{\"@type\":\"BreadcrumbList\",\"@id\":\"https:\\\/\\\/beautysane.com\\\/dom\\\/boutique\\\/energy\\\/energy-diet\\\/saveur-fruits-rouges-1-repas#breadcrumb\",\"itemListElement\":[{\"@type\":\"ListItem\",\"position\":1,\"name\":\"Home\",\"item\":\"https:\\\/\\\/beautysane.com\\\/dom\"},{\"@type\":\"ListItem\",\"position\":2,\"name\":\"Boutique\",\"item\":\"https:\\\/\\\/beautysane.com\\\/dom\\\/boutique\"},{\"@type\":\"ListItem\",\"position\":3,\"name\":\"Saveur fruits rouges &#8211; 1 repas\"}]},{\"@type\":\"WebSite\",\"@id\":\"https:\\\/\\\/beautysane.com\\\/dom\\\/#website\",\"url\":\"https:\\\/\\\/beautysane.com\\\/dom\\\/\",\"name\":\"Beautysan\u00e9 - DOM\",\"description\":\"Feed The Change\",\"potentialAction\":[{\"@type\":\"SearchAction\",\"target\":{\"@type\":\"EntryPoint\",\"urlTemplate\":\"https:\\\/\\\/beautysane.com\\\/dom\\\/?s={search_term_string}\"},\"query-input\":{\"@type\":\"PropertyValueSpecification\",\"valueRequired\":true,\"valueName\":\"search_term_string\"}}],\"inLanguage\":\"fr-FR\"},false]}<\/script>\n<meta property=\"product:price:amount\" content=\"0.00\" \/>\n<meta property=\"product:price:currency\" content=\"EUR\" \/>\n<meta property=\"og:availability\" content=\"instock\" \/>\n<meta property=\"product:availability\" content=\"instock\" \/>\n<meta property=\"product:retailer_item_id\" content=\"ED005-SA\" \/>\n<meta property=\"product:condition\" content=\"new\" \/>\n<!-- \/ Yoast SEO Premium plugin. -->","yoast_head_json":{"title":"Saveur fruits rouges - 1 repas - Beautysan\u00e9 - DOM","robots":{"index":"index","follow":"follow","max-snippet":"max-snippet:-1","max-image-preview":"max-image-preview:large","max-video-preview":"max-video-preview:-1"},"canonical":"https:\/\/beautysane.com\/dom\/boutique\/energy\/energy-diet\/saveur-fruits-rouges-1-repas","og_locale":"fr_FR","og_type":"article","og_title":"Saveur fruits rouges - 1 repas","og_description":"M\u00e9lange subtil d&#8217;ar\u00f4mes l\u00e9gers et d\u00e9licats de fruits des bois, c&#8217;est l&#8217;assurance d&#8217;une pause gourmande r\u00e9ussie ! Ce milkshake peut remplacer n\u2019importe quel repas de la journ\u00e9e. Il se consomme tel quel, frapp\u00e9 ou cuisin\u00e9. Energy Diet saveur fruits rouges est un repas l\u00e9ger et \u00e9quilibr\u00e9 qui garantit \u00e0 la fois plaisir gustatif et apports [&hellip;]","og_url":"https:\/\/beautysane.com\/dom\/boutique\/energy\/energy-diet\/saveur-fruits-rouges-1-repas","og_site_name":"Beautysan\u00e9 - DOM","article_publisher":"https:\/\/www.facebook.com\/Beautysane\/","article_modified_time":"2023-01-06T08:57:16+00:00","og_image":[{"width":1200,"height":1200,"url":"https:\/\/beautysane.com\/dom\/wp-content\/uploads\/sites\/5\/2022\/04\/ED005_SA-1.png","type":"image\/png"}],"twitter_card":"summary_large_image","twitter_misc":{"Prix":"0,00&euro;","Disponibilit\u00e9":"En stock"},"schema":{"@context":"https:\/\/schema.org","@graph":[{"@type":"WebPage","@id":"https:\/\/beautysane.com\/dom\/boutique\/energy\/energy-diet\/saveur-fruits-rouges-1-repas","url":"https:\/\/beautysane.com\/dom\/boutique\/energy\/energy-diet\/saveur-fruits-rouges-1-repas","name":"Saveur fruits rouges - 1 repas - Beautysan\u00e9 - DOM","isPartOf":{"@id":"https:\/\/beautysane.com\/dom\/#website"},"primaryImageOfPage":{"@id":"https:\/\/beautysane.com\/dom\/boutique\/energy\/energy-diet\/saveur-fruits-rouges-1-repas#primaryimage"},"image":{"@id":"https:\/\/beautysane.com\/dom\/boutique\/energy\/energy-diet\/saveur-fruits-rouges-1-repas#primaryimage"},"thumbnailUrl":"https:\/\/beautysane.ams3.digitaloceanspaces.com\/wp-content\/uploads\/sites\/5\/2022\/04\/29034730\/ED005_SA-1.png","datePublished":"2022-04-04T07:10:24+00:00","dateModified":"2023-01-06T08:57:16+00:00","breadcrumb":{"@id":"https:\/\/beautysane.com\/dom\/boutique\/energy\/energy-diet\/saveur-fruits-rouges-1-repas#breadcrumb"},"inLanguage":"fr-FR","potentialAction":[{"@type":"ReadAction","target":["https:\/\/beautysane.com\/dom\/boutique\/energy\/energy-diet\/saveur-fruits-rouges-1-repas"]}]},{"@type":"ImageObject","inLanguage":"fr-FR","@id":"https:\/\/beautysane.com\/dom\/boutique\/energy\/energy-diet\/saveur-fruits-rouges-1-repas#primaryimage","url":"https:\/\/beautysane.ams3.digitaloceanspaces.com\/wp-content\/uploads\/sites\/5\/2022\/04\/29034730\/ED005_SA-1.png","contentUrl":"https:\/\/beautysane.ams3.digitaloceanspaces.com\/wp-content\/uploads\/sites\/5\/2022\/04\/29034730\/ED005_SA-1.png","width":1200,"height":1200},{"@type":"BreadcrumbList","@id":"https:\/\/beautysane.com\/dom\/boutique\/energy\/energy-diet\/saveur-fruits-rouges-1-repas#breadcrumb","itemListElement":[{"@type":"ListItem","position":1,"name":"Home","item":"https:\/\/beautysane.com\/dom"},{"@type":"ListItem","position":2,"name":"Boutique","item":"https:\/\/beautysane.com\/dom\/boutique"},{"@type":"ListItem","position":3,"name":"Saveur fruits rouges &#8211; 1 repas"}]},{"@type":"WebSite","@id":"https:\/\/beautysane.com\/dom\/#website","url":"https:\/\/beautysane.com\/dom\/","name":"Beautysan\u00e9 - DOM","description":"Feed The Change","potentialAction":[{"@type":"SearchAction","target":{"@type":"EntryPoint","urlTemplate":"https:\/\/beautysane.com\/dom\/?s={search_term_string}"},"query-input":{"@type":"PropertyValueSpecification","valueRequired":true,"valueName":"search_term_string"}}],"inLanguage":"fr-FR"},false]},"product_price_amount":"0.00","product_price_currency":"EUR","og_availability":"instock","product_availability":"instock","product_retailer_item_id":"ED005-SA","product_condition":"new"},"yasr_visitor_votes":{"stars_attributes":{"read_only":true,"span_bottom":"<div class='yasr-small-block-bold'><span class='yasr-visitor-votes-must-sign-in'>Vous devez \u00eatre connect\u00e9 pour voter<\/span><\/div>"},"number_of_votes":0,"sum_votes":0},"_links":{"self":[{"href":"https:\/\/beautysane.com\/dom\/wp-json\/wp\/v2\/product\/51456","targetHints":{"allow":["GET"]}}],"collection":[{"href":"https:\/\/beautysane.com\/dom\/wp-json\/wp\/v2\/product"}],"about":[{"href":"https:\/\/beautysane.com\/dom\/wp-json\/wp\/v2\/types\/product"}],"replies":[{"embeddable":true,"href":"https:\/\/beautysane.com\/dom\/wp-json\/wp\/v2\/comments?post=51456"}],"wp:featuredmedia":[{"embeddable":true,"href":"https:\/\/beautysane.com\/dom\/wp-json\/wp\/v2\/media\/51458"}],"wp:attachment":[{"href":"https:\/\/beautysane.com\/dom\/wp-json\/wp\/v2\/media?parent=51456"}],"wp:term":[{"taxonomy":"product_brand","embeddable":true,"href":"https:\/\/beautysane.com\/dom\/wp-json\/wp\/v2\/product_brand?post=51456"},{"taxonomy":"product_cat","embeddable":true,"href":"https:\/\/beautysane.com\/dom\/wp-json\/wp\/v2\/product_cat?post=51456"},{"taxonomy":"product_tag","embeddable":true,"href":"https:\/\/beautysane.com\/dom\/wp-json\/wp\/v2\/product_tag?post=51456"}],"curies":[{"name":"wp","href":"https:\/\/api.w.org\/{rel}","templated":true}]}}